[INFO] cloning repository https://github.com/KyleW2/poo-poo
[INFO] running `Command { std: "git" "-c" "credential.helper=" "-c" "credential.helper=/workspace/cargo-home/bin/git-credential-null" "clone" "--bare" "https://github.com/KyleW2/poo-poo" "/workspace/cache/git-repos/https%3A%2F%2Fgithub.com%2FKyleW2%2Fpoo-poo", kill_on_drop: false }`
[INFO] [stderr] Cloning into bare repository '/workspace/cache/git-repos/https%3A%2F%2Fgithub.com%2FKyleW2%2Fpoo-poo'...
[INFO] running `Command { std: "git" "rev-parse" "HEAD", kill_on_drop: false }`
[INFO] [stdout] ba4f106a4d18a5e4e0869e75b985a61886348c56
[INFO] checking KyleW2/poo-poo against master#e6e4f7ed1589e03bc2f6c5931c1a72e7947e8682 for beta-170-4
[INFO] running `Command { std: "git" "clone" "/workspace/cache/git-repos/https%3A%2F%2Fgithub.com%2FKyleW2%2Fpoo-poo" "/workspace/builds/worker-7-tc2/source", kill_on_drop: false }`
[INFO] [stderr] Cloning into '/workspace/builds/worker-7-tc2/source'...
[INFO] [stderr] done.
[INFO] validating manifest of git repo https://github.com/KyleW2/poo-poo on toolchain e6e4f7ed1589e03bc2f6c5931c1a72e7947e8682
[INFO] running `Command { std: CARGO_HOME="/workspace/cargo-home" RUSTUP_HOME="/workspace/rustup-home" "/workspace/cargo-home/bin/cargo" "+e6e4f7ed1589e03bc2f6c5931c1a72e7947e8682" "metadata" "--manifest-path" "Cargo.toml" "--no-deps", kill_on_drop: false }`
[INFO] started tweaking git repo https://github.com/KyleW2/poo-poo
[INFO] finished tweaking git repo https://github.com/KyleW2/poo-poo
[INFO] tweaked toml for git repo https://github.com/KyleW2/poo-poo written to /workspace/builds/worker-7-tc2/source/Cargo.toml
[INFO] crate git repo https://github.com/KyleW2/poo-poo already has a lockfile, it will not be regenerated
[INFO] running `Command { std: CARGO_HOME="/workspace/cargo-home" RUSTUP_HOME="/workspace/rustup-home" "/workspace/cargo-home/bin/cargo" "+e6e4f7ed1589e03bc2f6c5931c1a72e7947e8682" "fetch" "--manifest-path" "Cargo.toml", kill_on_drop: false }`
[INFO] running `Command { std: "docker" "create" "-v" "/var/lib/crater-agent-workspace/builds/worker-7-tc2/target:/opt/rustwide/target:rw,Z" "-v" "/var/lib/crater-agent-workspace/builds/worker-7-tc2/source:/opt/rustwide/workdir:ro,Z" "-v" "/var/lib/crater-agent-workspace/cargo-home:/opt/rustwide/cargo-home:ro,Z" "-v" "/var/lib/crater-agent-workspace/rustup-home:/opt/rustwide/rustup-home:ro,Z" "-e" "SOURCE_DIR=/opt/rustwide/workdir" "-e" "CARGO_TARGET_DIR=/opt/rustwide/target" "-e" "CARGO_HOME=/opt/rustwide/cargo-home" "-e" "RUSTUP_HOME=/opt/rustwide/rustup-home" "-w" "/opt/rustwide/workdir" "-m" "1610612736" "--user" "0:0" "--network" "none" "ghcr.io/rust-lang/crates-build-env/linux@sha256:19e73879b68f455e41552ea35293514db52ea292d993f571636dbffedb77a1ee" "/opt/rustwide/cargo-home/bin/cargo" "+e6e4f7ed1589e03bc2f6c5931c1a72e7947e8682" "metadata" "--no-deps" "--format-version=1", kill_on_drop: false }`
[INFO] [stdout] 76a835d1d7d4ab36e5aa687902fe35e5a8acdbe080b249efae8797e260f2220a
[INFO] running `Command { std: "docker" "start" "-a" "76a835d1d7d4ab36e5aa687902fe35e5a8acdbe080b249efae8797e260f2220a", kill_on_drop: false }`
[INFO] running `Command { std: "docker" "inspect" "76a835d1d7d4ab36e5aa687902fe35e5a8acdbe080b249efae8797e260f2220a", kill_on_drop: false }`
[INFO] running `Command { std: "docker" "rm" "-f" "76a835d1d7d4ab36e5aa687902fe35e5a8acdbe080b249efae8797e260f2220a", kill_on_drop: false }`
[INFO] [stdout] 76a835d1d7d4ab36e5aa687902fe35e5a8acdbe080b249efae8797e260f2220a
[INFO] running `Command { std: "docker" "create" "-v" "/var/lib/crater-agent-workspace/builds/worker-7-tc2/target:/opt/rustwide/target:rw,Z" "-v" "/var/lib/crater-agent-workspace/builds/worker-7-tc2/source:/opt/rustwide/workdir:ro,Z" "-v" "/var/lib/crater-agent-workspace/cargo-home:/opt/rustwide/cargo-home:ro,Z" "-v" "/var/lib/crater-agent-workspace/rustup-home:/opt/rustwide/rustup-home:ro,Z" "-e" "SOURCE_DIR=/opt/rustwide/workdir" "-e" "CARGO_TARGET_DIR=/opt/rustwide/target" "-e" "CARGO_INCREMENTAL=0" "-e" "RUST_BACKTRACE=full" "-e" "RUSTFLAGS=--cap-lints=forbid" "-e" "RUSTDOCFLAGS=--cap-lints=forbid" "-e" "CARGO_HOME=/opt/rustwide/cargo-home" "-e" "RUSTUP_HOME=/opt/rustwide/rustup-home" "-w" "/opt/rustwide/workdir" "-m" "1610612736" "--user" "0:0" "--network" "none" "ghcr.io/rust-lang/crates-build-env/linux@sha256:19e73879b68f455e41552ea35293514db52ea292d993f571636dbffedb77a1ee" "/opt/rustwide/cargo-home/bin/cargo" "+e6e4f7ed1589e03bc2f6c5931c1a72e7947e8682" "check" "--frozen" "--all" "--all-targets" "--message-format=json", kill_on_drop: false }`
[INFO] [stdout] 9eb70aa5f7589bcfdc398a517b24f0442df89c3469b82faed1ec384371a35ad4
[INFO] running `Command { std: "docker" "start" "-a" "9eb70aa5f7589bcfdc398a517b24f0442df89c3469b82faed1ec384371a35ad4", kill_on_drop: false }`
[INFO] [stderr]     Checking web_spooder v0.1.0 (/opt/rustwide/workdir)
[INFO] [stdout] error[E0609]: no field `uri` on type `Request`
[INFO] [stdout]   --> src/app/mod.rs:30:21
[INFO] [stdout]    |
[INFO] [stdout] 30 |             request.uri.next();
[INFO] [stdout]    |                     ^^^ unknown field
[INFO] [stdout]    |
[INFO] [stdout]    = note: available fields are: `ip`, `line`, `header`, `body`
[INFO] [stdout] 
[INFO] [stdout] 
[INFO] [stdout] error[E0609]: no field `uri` on type `Request`
[INFO] [stdout]   --> src/app/mod.rs:30:21
[INFO] [stdout]    |
[INFO] [stdout] 30 |             request.uri.next();
[INFO] [stdout]    |                     ^^^ unknown field
[INFO] [stdout]    |
[INFO] [stdout]    = note: available fields are: `ip`, `line`, `header`, `body`
[INFO] [stdout] 
[INFO] [stdout] 
[INFO] [stdout] error[E0609]: no field `uri` on type `Request`
[INFO] [stdout]   --> src/app/mod.rs:38:60
[INFO] [stdout]    |
[INFO] [stdout] 38 |             println!("{} {} {} {} {}", request.ip, request.uri.method, request.uri.route, response.status.code, response.status.text);
[INFO] [stdout]    |                                                            ^^^ unknown field
[INFO] [stdout]    |
[INFO] [stdout]    = note: available fields are: `ip`, `line`, `header`, `body`
[INFO] [stdout] 
[INFO] [stdout] 
[INFO] [stdout] error[E0609]: no field `uri` on type `Request`
[INFO] [stdout]   --> src/app/mod.rs:38:60
[INFO] [stdout]    |
[INFO] [stdout] 38 |             println!("{} {} {} {} {}", request.ip, request.uri.method, request.uri.route, response.status.code, response.status.text);
[INFO] [stdout]    |                                                            ^^^ unknown field
[INFO] [stdout]    |
[INFO] [stdout]    = note: available fields are: `ip`, `line`, `header`, `body`
[INFO] [stdout] 
[INFO] [stdout] 
[INFO] [stdout] error[E0609]: no field `uri` on type `Request`
[INFO] [stdout]   --> src/app/mod.rs:38:80
[INFO] [stdout]    |
[INFO] [stdout] 38 |             println!("{} {} {} {} {}", request.ip, request.uri.method, request.uri.route, response.status.code, response.status.text);
[INFO] [stdout]    |                                                                                ^^^ unknown field
[INFO] [stdout]    |
[INFO] [stdout]    = note: available fields are: `ip`, `line`, `header`, `body`
[INFO] [stdout] 
[INFO] [stdout] 
[INFO] [stdout] error: aborting due to 3 previous errors
[INFO] [stdout] 
[INFO] [stdout] 
[INFO] [stdout] For more information about this error, try `rustc --explain E0609`.
[INFO] [stdout] 
[INFO] [stdout] error[E0609]: no field `uri` on type `Request`
[INFO] [stdout]   --> src/app/mod.rs:38:80
[INFO] [stdout]    |
[INFO] [stdout] 38 |             println!("{} {} {} {} {}", request.ip, request.uri.method, request.uri.route, response.status.code, response.status.text);
[INFO] [stdout]    |                                                                                ^^^ unknown field
[INFO] [stdout]    |
[INFO] [stdout]    = note: available fields are: `ip`, `line`, `header`, `body`
[INFO] [stdout] 
[INFO] [stdout] 
[INFO] [stdout] error: aborting due to 3 previous errors
[INFO] [stdout] 
[INFO] [stdout] 
[INFO] [stdout] For more information about this error, try `rustc --explain E0609`.
[INFO] [stdout] 
[INFO] [stderr] error: could not compile `web_spooder` (lib) due to 4 previous errors
[INFO] [stderr] warning: build failed, waiting for other jobs to finish...
[INFO] [stderr] error: could not compile `web_spooder` (lib test) due to 4 previous errors
[INFO] running `Command { std: "docker" "inspect" "9eb70aa5f7589bcfdc398a517b24f0442df89c3469b82faed1ec384371a35ad4", kill_on_drop: false }`
[INFO] running `Command { std: "docker" "rm" "-f" "9eb70aa5f7589bcfdc398a517b24f0442df89c3469b82faed1ec384371a35ad4", kill_on_drop: false }`
[INFO] [stdout] 9eb70aa5f7589bcfdc398a517b24f0442df89c3469b82faed1ec384371a35ad4
